**2 - 1 + l**2. Let f be d(-3). Let q = -5 + f. What is the units digit of q?
3
Suppose 4*k = 2*k + 14. What is the units digit of k?
7
Let z = -25 - -61. Suppose h + z = 5*h. What is the units digit of h?
9
Let x(f) = -f**3 - 12*f**2 - 14*f + 10. What is the units digit of x(-11)?
3
Let q = 0 - -3. Suppose p + 2*p = q. What is the units digit of p?
1
Suppose -2*g - 2*n - 24 = 0, -g = -n + 5 - 1. Let h(a) = a**3 + 9*a**2 + 9*a + 12. What is the units digit of h(g)?
4
Let h be 2 + (-45)/3 + 1. Let p be 2*4/(4/2). What is the units digit of (-4)/(-3) + p/h?
1
Let q(h) be the first derivative of -h**2/2 - 10*h + 5. What is the units digit of q(-12)?
2
Let j(d) = -d - 15. Let k be j(-11). What is the tens digit of (-1 - k) + 2 + 11?
1
Suppose -5*t = -3 - 37. Suppose 5*i + t = 28. What is the units digit of (-2)/2 + -2 + i?
1
Let b be -6 + 4 + (2 - 3). Let i = b - -10. What is the units digit of i?
7
Let a(q) = -7*q + 7. Let g be (-27)/12 + (-2)/(-8). Let x(k) = 29*k - 29. Let m(s) = g*x(s) - 9*a(s). What is the tens digit of m(4)?
1
Suppose 0 = -0*q - 4*q + 8. Let g be (3 - 3) + (7 - q). Suppose -w - g*o = -28, -7*o + 20 = -2*o. What is the units digit of w?
8
Let o(h) be the second derivative of h**4/6 - h**3/2 - 3*h**2/2 + 2*h. What is the tens digit of o(-2)?
1
Suppose 0 = 12*j - 96 - 48. What is the units digit of j?
2
Let s(c) = -c**3 - 6*c**2 - 2*c - 9. Suppose -2*g = g + 18. What is the units digit of s(g)?
3
Let k(q) = -q**3 - 3*q**2 - 3*q - 1. Let v be k(-2). Let z = 3 - v. What is the units digit of z?
2
Let p(m) = 3*m + 5. Let a be p(-5). Let h = a - -15. What is the units digit of h?
5
Let x = -2 + -6. Suppose 0 = r + 7 - 1. Let k = r - x. What is the units digit of k?
2
Suppose -v = 3*s + 5, -3*s + 25 = -8*s. Let h = -2 + v. What is the units digit of h?
8
Let f(j) = j**3 - 6*j**2 - 3*j - 4. Let d be 65/9 + 4/(-18). Let i be f(d). What is the units digit of (-3)/((-81)/i + 3)?
8
Suppose 35 + 22 = 3*b. Suppose 5*f - s = 37, 4*f + s = 16 + b. What is the units digit of f?
8
What is the tens digit of ((-8)/6 - -2)*2310/28?
5
Let p = 731 - 424. What is the tens digit of p?
0
Let g be -2*1*(-1)/(-2). Let d be 4 + (g - 2) - -1. Suppose -m - d*m + 39 = 0. What is the units digit of m?
3
Let d = -4 + 0. What is the units digit of 1 + (-2 - 144/d)?
5
Suppose 3*s = -2*x + 27, 0 = 5*x - 6*s + s - 5. What is the units digit of (-54)/(-5)*20/x?
6
Suppose 3*j - 15 = 3. Suppose 0 = j*d - 2*d - 136. Suppose d = 4*f + 3*x, f - 4 = x + 1. What is the units digit of f?
7
Suppose -4*g + 9 = 1. Let r(w) = -2 - 3*w + 0*w - g*w. What is the units digit of r(-2)?
8
Let t = -36 - -88. What is the units digit of t?
2
Let c(b) = -b - 2. Let j be c(-6). Let g(x) = -2*x**2 - 9*x - 7. Let u(d) = d**2 + 6*d + 5. Let k(f) = -5*g(f) - 8*u(f). What is the units digit of k(j)?
5
Let h(t) = 2*t - 1. Let b be h(3). Let g = b - 4. What is the units digit of 4/g - (1 - -1)?
2
Let b(h) = h**3 - 3*h**2 - 3*h - 1. Let j(g) = -2*g**3 + 6*g**2 + 7*g + 1. Let x(r) = -5*b(r) - 2*j(r). What is the units digit of x(3)?
6
Let c = 14 + 1. What is the units digit of 5/c + (-294)/(-9)?
3
Suppose 396 = 3*u + l - 304, 3*u + 2*l - 701 = 0. What is the tens digit of u?
3
What is the units digit of (2/3)/1*57?
8
Let m = -163 - -437. What is the units digit of m?
4
Let x(t) = -2*t + 9. Let q be x(6). Let j be 0/(1 + 1 + q). Suppose j = -d + 7 + 1. What is the units digit of d?
8
Let k = 9 + -4. Suppose -k*l = 3*r - 12, 8 = 4*l - 5*r - 9. Suppose -5*b = -53 + l. What is the units digit of b?
0
Suppose -2*f = c + 4*c - 65, -2*f = -c - 83. What is the tens digit of f?
4
Suppose 3*i = -301 + 109. Let w = -45 - i. What is the units digit of w?
9
What is the units digit of 345/5 + 0 + 5?
4
Suppose 5 - 29 = 3*u. Let p be ((-2)/(-1))/((-4)/36). What is the units digit of 2/u + p/(-8)?
2
Let u(p) = -2*p + 4 - 4*p + 5*p + 4. Let o be u(6). Suppose -2*n + 42 = -o*w, w + 2 = -3. What is the tens digit of n?
1
Let y = -66 + 23. Let n = y - -31. Let r = -5 - n. What is the units digit of r?
7
Suppose -2*m = 3*m + 5. Let g = -4 + 3. What is the units digit of (-2)/m - 3/g?
5
Suppose -t - 7*t + 632 = 0. What is the tens digit of t?
7
Let h(n) be the first derivative of -n**3/3 + 11*n**2/2 + 5*n + 6. What is the tens digit of h(10)?
1
Let s = 28 - 20. Suppose -4*b - s = c, b + 5 = -0*b - c. What is the units digit of (-32)/(-4) - (-1)/b?
7
Suppose -133 = 5*o - 578. What is the tens digit of o?
8
Let m(p) be the first derivative of -p**2/2 + 2*p + 1. Suppose 4*a = 3*a. What is the units digit of m(a)?
2
Suppose -5*g + 36 = -9*g. Let n(k) = 24 - 7 + 4 + 2*k - k. What is the tens digit of n(g)?
1
Let s = -3 - -22. Let t be -4 + 4 + (-10 - 1). Let l = t + s. What is the units digit of l?
8
Let t = 2 - -6. Suppose 2*s - 10 = -o - 3*o, t = 4*s + 2*o. What is the units digit of s?
1
Let a(l) = l**3 + 10*l**2 + 3*l - 5. What is the units digit of a(-9)?
9
Let z be -2 + (2 - (0 + 8)). Let j(u) be the second derivative of -u**3/6 - 3*u**2 - 4*u. What is the units digit of j(z)?
2
Let q(x) = x**3 - 6*x**2 + 6*x + 7. What is the units digit of q(6)?
3
Let i(l) = -2*l - 4. Let f(z) be the third derivative of z**4/8 + 2*z**2. Let o be f(-2). What is the units digit of i(o)?
8
Let l(z) = -z + 10. What is the units digit of l(-11)?
1
Let g = -54 + 104. What is the units digit of g?
0
Let o = 21 - 11. What is the tens digit of o?
1
Suppose -5*a = 1 - 11. Suppose 3*l = 2*v + l + 6, -a*l + 20 = 5*v. What is the units digit of v?
2
Let s = 1 + -22. Let u(r) = 4*r + 5. Let k be u(6). Let d = k + s. What is the units digit of d?
8
Let z(j) = j**3 - 10*j**2 - 11*j + 5. Let n = -21 - -32. Let b be z(n). Suppose 1 + 14 = b*o. What is the units digit of o?
3
Suppose -5*y + y + 36 = 0. Suppose -r + 2*r = 3, -r - y = -4*h. What is the units digit of h?
3
Let a = -6 - -1. What is the units digit of (-5)/(a/(-3))*-3?
9
Suppose -5*s + 0*s - n + 90 = 0, -n + 73 = 4*s. Suppose 0 = -b + 37 + s. What is the units digit of b/12*1*2?
9
Suppose 149 = 3*z - 5*f, 3*f + 324 = 5*z + 65. What is the tens digit of z?
5
Let h = 2 - -2. What is the units digit of (-25)/(-3) + h/(-12)?
8
Let p(y) = -y**3 + 7*y**2 - 8*y + 7. Let a be p(6). Let g be 2/a + (-54)/(-10). Suppose g*k = 5*m, 3 + 2 = -k + 2*m. What is the units digit of k?
5
Let v = 0 - -2. Let n = v + 6. What is the units digit of n?
8
Let c(x) be the second derivative of 4*x**3/3 - x**2/2 + 3*x. What is the units digit of c(1)?
7
What is the tens digit of 40/16*56/10?
1
Suppose -7 = 2*r - 5*r + 5*d, 5*r - d = 19. Suppose -3*n + 0*n = -2*f + 40, 2*f = r*n + 38. What is the tens digit of f?
2
Let l(z) = -8*z - 7. Let a(q) = -q + 1. Let u(w) = -6*a(w) + l(w). What is the units digit of u(-10)?
7
Let l be (-4)/(-3)*(-18)/(-1). Let c = l + -14. What is the units digit of c?
0
What is the tens digit of 20/3*1*63/6?
7
Suppose 0*p - 15 = -p. Suppose -51 = -3*i + p. Let v = i + -6. What is the tens digit of v?
1
What is the hundreds digit of (-20)/(-5)*3/(-6) - -231?
2
Let g = 911 + -597. What is the hundreds digit of g?
3
Suppose -4*r + 6 + 2 = 0. Let m = 2 + r. Suppose b - m = -1. What is the units digit of b?
3
Let u = 568 + -405. What is the units digit of u?
3
Let y be -2 - 0/(-1) - 3. Let a = 9 + y. Suppose a = r - 3*t, 0*r + 5*t = r - 2. What is the units digit of r?
7
Let s = 2 + -2. Suppose s*q = -q. Suppose q = -4*r + 4. What is the units digit of r?
1
Let r(o) be the third derivative of o**6/120 + 7*o**5/60 + o**4/6 + o**3/6 - 4*o**2. What is the units digit of r(-6)?
3
Let j(r) be the first derivative of r**2/2 - 9*r + 1. Let k be j(11). Let u = 12 + k. What is the tens digit of u?
1
What is the tens digit of 9/(-27) - 698/(-6)?
1
Let v(y) = -15*y + 25. What is the tens digit of v(-18)?
9
Let o = -10 - -17. What is the units digit of o?
7
Suppose 2*z + 0*i - 9 = 3*i, 2*i = 2. Suppose 3*j - 27 = -z. What is the units digit of j?
7
Let d(u) = -u - 7. Let q be d(-8). Suppose 4*s + q = 29. What is the units digit of s?
7
Let k be 5 + 0*2/(-2). Let t(c) = 2*c - 6. What is the units digit of t(k)?
4
Let z be 466/3 - (-8)/(-6). Suppose c - 46 = -u, 3*c - 2*u - z = 3*u. What is the tens digit of c?
4
Suppose 4*p - 37 = -q, -2*q = -q + 3*p - 38. Let c = -22 + q. What is the units digit of c?
9
